{"id":542,"date":"2024-09-09T06:06:14","date_gmt":"2024-09-09T06:06:14","guid":{"rendered":"https:\/\/auli-hof.ch\/?page_id=542"},"modified":"2026-03-22T06:38:06","modified_gmt":"2026-03-22T06:38:06","slug":"kulturen","status":"publish","type":"page","link":"https:\/\/auli-hof.ch\/?page_id=542","title":{"rendered":"Kulturen"},"content":{"rendered":"\n<h2 class=\"wp-block-heading\">Kartoffeln<\/h2>\n\n\n\n<p>Seit vielen Jahren pflanzen wir unsere Kartoffeln f\u00fcr den Eigengebrauch im Garten an. Vor drei Jahren sind wir auf eine kleine Ackerfl\u00e4che umgestiegen, da unser famili\u00e4res Umfeld auch \u00abeigene\u00bb Kartoffeln wollte. Die Fl\u00e4che wird von Jahr zu Jahr gr\u00f6sser und wir freuen uns \u00fcber das Interesse auch ausserhalb der Familie. Bereits mein Grossvater hat auf diesen B\u00f6den Kartoffeln gepflanzt, und zwar nicht wenig. Wir haben den alten Pflug wieder aus der Scheune geholt. Anstatt vom Pferd wird er von einer alten Seilwinde Furche um Furche durch die Erde gezogen. Der Rest ist Handarbeit. <\/p>\n\n\n\n<p>Die Kartoffel ist eine sehr anf\u00e4llige Kultur. Bereits das Saatgut muss sorgf\u00e4ltig vor gekeimt werden. Der Zeitpunkt f\u00fcr die Pflanzung muss stimmen, die B\u00f6den d\u00fcrfen nicht zu nass und die Temperaturen nicht zu kalt sein. Sobald die Pflanzen aus dem Boden schauen, Sind sie dem Pilzdruck (Kraut- und Braunf\u00e4ule) sowie den immer wieder auftauchenden Kartoffelk\u00e4fern ausgesetzt. Trotz allem sind wir \u00fcberzeugt, dass es m\u00f6glich ist, Kartoffeln in unsrer H\u00f6henlage und mit m\u00f6glichst wenig Einsatz von biologischen Pflanzenschutzmitteln zu produzieren, sodass es meistens Spass macht.<\/p>\n\n\n\n<div class=\"wp-block-columns is-layout-flex wp-container-core-columns-is-layout-1 wp-block-columns-is-layout-flex\">\n<div class=\"wp-block-column is-layout-flow wp-block-column-is-layout-flow\">\n<figure class=\"wp-block-image size-large\"><img loading=\"lazy\" decoding=\"async\" width=\"1024\" height=\"670\" src=\"https:\/\/auli-hof.ch\/wp-content\/uploads\/2024\/09\/Ackern-klein-1024x670.jpg\" alt=\"\" class=\"wp-image-546\" srcset=\"https:\/\/auli-hof.ch\/wp-content\/uploads\/2024\/09\/Ackern-klein-1024x670.jpg 1024w, https:\/\/auli-hof.ch\/wp-content\/uploads\/2024\/09\/Ackern-klein-300x196.jpg 300w, https:\/\/auli-hof.ch\/wp-content\/uploads\/2024\/09\/Ackern-klein-768x502.jpg 768w, https:\/\/auli-hof.ch\/wp-content\/uploads\/2024\/09\/Ackern-klein.jpg 1037w\" sizes=\"auto, (max-width: 1024px) 100vw, 1024px\" \/><\/figure>\n<\/div>\n\n\n\n<div class=\"wp-block-column is-layout-flow wp-block-column-is-layout-flow\">\n<figure class=\"wp-block-image size-large\"><img loading=\"lazy\" decoding=\"async\" width=\"1024\" height=\"670\" src=\"https:\/\/auli-hof.ch\/wp-content\/uploads\/2024\/09\/Acker-klein-1024x670.jpg\" alt=\"\" class=\"wp-image-519\" srcset=\"https:\/\/auli-hof.ch\/wp-content\/uploads\/2024\/09\/Acker-klein-1024x670.jpg 1024w, https:\/\/auli-hof.ch\/wp-content\/uploads\/2024\/09\/Acker-klein-300x196.jpg 300w, https:\/\/auli-hof.ch\/wp-content\/uploads\/2024\/09\/Acker-klein-768x502.jpg 768w, https:\/\/auli-hof.ch\/wp-content\/uploads\/2024\/09\/Acker-klein-1536x1004.jpg 1536w, https:\/\/auli-hof.ch\/wp-content\/uploads\/2024\/09\/Acker-klein.jpg 1728w\" sizes=\"auto, (max-width: 1024px) 100vw, 1024px\" \/><\/figure>\n<\/div>\n\n\n\n<div class=\"wp-block-column is-layout-flow wp-block-column-is-layout-flow\">\n<figure class=\"wp-block-image size-large\"><img loading=\"lazy\" decoding=\"async\" width=\"1024\" height=\"683\" src=\"https:\/\/auli-hof.ch\/wp-content\/uploads\/2024\/09\/IMG_8307_-1024x683.jpg\" alt=\"\" class=\"wp-image-545\" srcset=\"https:\/\/auli-hof.ch\/wp-content\/uploads\/2024\/09\/IMG_8307_-1024x683.jpg 1024w, https:\/\/auli-hof.ch\/wp-content\/uploads\/2024\/09\/IMG_8307_-300x200.jpg 300w, https:\/\/auli-hof.ch\/wp-content\/uploads\/2024\/09\/IMG_8307_-768x512.jpg 768w, https:\/\/auli-hof.ch\/wp-content\/uploads\/2024\/09\/IMG_8307_-1536x1024.jpg 1536w, https:\/\/auli-hof.ch\/wp-content\/uploads\/2024\/09\/IMG_8307_-930x620.jpg 930w, https:\/\/auli-hof.ch\/wp-content\/uploads\/2024\/09\/IMG_8307_.jpg 2048w\" sizes=\"auto, (max-width: 1024px) 100vw, 1024px\" \/><\/figure>\n<\/div>\n<\/div>\n\n\n\n<hr class=\"wp-block-separator has-alpha-channel-opacity\"\/>\n\n\n\n<h2 class=\"wp-block-heading\">Getreide<\/h2>\n\n\n\n<p>Der erste Versuch mit Winterweizen auf einer kleinen Fl\u00e4che von 16 Aren ist gegl\u00fcckt und motiviert uns f\u00fcr mehr. Manchmal sind wir uns zwar nicht sicher, ob wir blau\u00e4ugig sind. So ganz ohne Erfahrung im Ackerbau einfach unseren Boden zu pfl\u00fcgen und eine Kultur anzupflanzen. Aber wer nichts wagt, der nichts gewinnt. Durch den Verein <a href=\"https:\/\/www.alpsteinkorn.ch\/\">Alpsteinkorn<\/a> sind wir mit anderen regionalen Landwirten, welche Ackerbau im Berggebiet betreiben, gut vernetzt und wir erhalten wertvolle Tipps von ihnen. Wer weiss, wohin uns diese Reise f\u00fchrt\u2026<\/p>\n\n\n\n<div class=\"wp-block-columns is-layout-flex wp-container-core-columns-is-layout-2 wp-block-columns-is-layout-flex\">\n<div class=\"wp-block-column is-layout-flow wp-block-column-is-layout-flow\">\n<figure class=\"wp-block-image size-large\"><img loading=\"lazy\" decoding=\"async\" width=\"1024\" height=\"683\" src=\"https:\/\/auli-hof.ch\/wp-content\/uploads\/2024\/09\/IMG_8279_-1024x683.jpg\" alt=\"\" class=\"wp-image-516\" srcset=\"https:\/\/auli-hof.ch\/wp-content\/uploads\/2024\/09\/IMG_8279_-1024x683.jpg 1024w, https:\/\/auli-hof.ch\/wp-content\/uploads\/2024\/09\/IMG_8279_-300x200.jpg 300w, https:\/\/auli-hof.ch\/wp-content\/uploads\/2024\/09\/IMG_8279_-768x512.jpg 768w, https:\/\/auli-hof.ch\/wp-content\/uploads\/2024\/09\/IMG_8279_-1536x1024.jpg 1536w, https:\/\/auli-hof.ch\/wp-content\/uploads\/2024\/09\/IMG_8279_-930x620.jpg 930w, https:\/\/auli-hof.ch\/wp-content\/uploads\/2024\/09\/IMG_8279_.jpg 2048w\" sizes=\"auto, (max-width: 1024px) 100vw, 1024px\" \/><\/figure>\n<\/div>\n\n\n\n<div class=\"wp-block-column is-layout-flow wp-block-column-is-layout-flow\">\n<figure class=\"wp-block-image size-full\"><img loading=\"lazy\" decoding=\"async\" width=\"864\" height=\"565\" src=\"https:\/\/auli-hof.ch\/wp-content\/uploads\/2024\/09\/Dreschen-klein.jpg\" alt=\"\" class=\"wp-image-549\" srcset=\"https:\/\/auli-hof.ch\/wp-content\/uploads\/2024\/09\/Dreschen-klein.jpg 864w, https:\/\/auli-hof.ch\/wp-content\/uploads\/2024\/09\/Dreschen-klein-300x196.jpg 300w, https:\/\/auli-hof.ch\/wp-content\/uploads\/2024\/09\/Dreschen-klein-768x502.jpg 768w\" sizes=\"auto, (max-width: 864px) 100vw, 864px\" \/><\/figure>\n<\/div>\n\n\n\n<div class=\"wp-block-column is-layout-flow wp-block-column-is-layout-flow\">\n<figure class=\"wp-block-image size-full\"><img loading=\"lazy\" decoding=\"async\" width=\"864\" height=\"565\" src=\"https:\/\/auli-hof.ch\/wp-content\/uploads\/2024\/09\/Dreschen-2-klein.jpg\" alt=\"\" class=\"wp-image-550\" srcset=\"https:\/\/auli-hof.ch\/wp-content\/uploads\/2024\/09\/Dreschen-2-klein.jpg 864w, https:\/\/auli-hof.ch\/wp-content\/uploads\/2024\/09\/Dreschen-2-klein-300x196.jpg 300w, https:\/\/auli-hof.ch\/wp-content\/uploads\/2024\/09\/Dreschen-2-klein-768x502.jpg 768w\" sizes=\"auto, (max-width: 864px) 100vw, 864px\" \/><\/figure>\n<\/div>\n<\/div>\n\n\n\n<hr class=\"wp-block-separator has-alpha-channel-opacity\"\/>\n\n\n\n<h2 class=\"wp-block-heading\">Eiweisserbsen<\/h2>\n\n\n\n<p>Eiweisserbsen (Futtererbsen) sind aufgrund ihres hohen Proteingehalts (\u00fcber 20%) und wertvoller Ballaststoffe eine n\u00e4hrstoffreiche H\u00fclsenfrucht f\u00fcr die menschliche Ern\u00e4hrung. Sie dient oft als Fleischersatz und ist eng mit der klassischen Erbse verwandt. Sie ist jedoch st\u00e4rkereicher und weniger s\u00fcss, weshalb sie meist f\u00fcr Suppen oder P\u00fcrees verwendet werden.<\/p>\n\n\n\n<p>Vor dem Kochen ist es ratsam, die getrockneten Erbsen einige Stunden einzuweichen, um die Kochzeit zu verk\u00fcrzen und die Bek\u00f6mmlichkeit zu verbessern. Das Einweichwasser sollte nicht weiterverwendet werden.<\/p>\n\n\n\n<p>Auf unserem Acker dienten die Erbsen als St\u00fctzfrucht f\u00fcr die Linsen.<\/p>\n\n\n\n<p>\u2192 zu den <a href=\"https:\/\/auli-hof.ch\/?page_id=893\" data-type=\"page\" data-id=\"893\">Kochrezepten<\/a><\/p>\n\n\n\n<div class=\"wp-block-columns is-layout-flex wp-container-core-columns-is-layout-3 wp-block-columns-is-layout-flex\">\n<div class=\"wp-block-column is-layout-flow wp-block-column-is-layout-flow\"><div class=\"wp-block-image\">\n<figure class=\"aligncenter size-full is-resized\"><img loading=\"lazy\" decoding=\"async\" width=\"608\" height=\"811\" src=\"https:\/\/auli-hof.ch\/wp-content\/uploads\/2026\/03\/Erbsen-feld.jpg\" alt=\"\" class=\"wp-image-915\" style=\"width:280px;height:auto\" srcset=\"https:\/\/auli-hof.ch\/wp-content\/uploads\/2026\/03\/Erbsen-feld.jpg 608w, https:\/\/auli-hof.ch\/wp-content\/uploads\/2026\/03\/Erbsen-feld-225x300.jpg 225w\" sizes=\"auto, (max-width: 608px) 100vw, 608px\" \/><\/figure><\/div><\/div>\n\n\n\n<div class=\"wp-block-column is-layout-flow wp-block-column-is-layout-flow\"><div class=\"wp-block-image\">\n<figure class=\"aligncenter size-large is-resized\"><img loading=\"lazy\" decoding=\"async\" width=\"768\" height=\"1024\" src=\"https:\/\/auli-hof.ch\/wp-content\/uploads\/2026\/03\/Erbsen-feld-2-768x1024.jpg\" alt=\"\" class=\"wp-image-916\" style=\"width:281px;height:auto\" srcset=\"https:\/\/auli-hof.ch\/wp-content\/uploads\/2026\/03\/Erbsen-feld-2-768x1024.jpg 768w, https:\/\/auli-hof.ch\/wp-content\/uploads\/2026\/03\/Erbsen-feld-2-225x300.jpg 225w, https:\/\/auli-hof.ch\/wp-content\/uploads\/2026\/03\/Erbsen-feld-2.jpg 1040w\" sizes=\"auto, (max-width: 768px) 100vw, 768px\" \/><\/figure><\/div><\/div>\n\n\n\n<div class=\"wp-block-column is-layout-flow wp-block-column-is-layout-flow\">\n<figure class=\"wp-block-image size-large\"><img loading=\"lazy\" decoding=\"async\" width=\"1024\" height=\"768\" src=\"https:\/\/auli-hof.ch\/wp-content\/uploads\/2026\/03\/20260317_140804-1-1024x768.jpg\" alt=\"\" class=\"wp-image-888\" srcset=\"https:\/\/auli-hof.ch\/wp-content\/uploads\/2026\/03\/20260317_140804-1-1024x768.jpg 1024w, https:\/\/auli-hof.ch\/wp-content\/uploads\/2026\/03\/20260317_140804-1-300x225.jpg 300w, https:\/\/auli-hof.ch\/wp-content\/uploads\/2026\/03\/20260317_140804-1-768x576.jpg 768w\" sizes=\"auto, (max-width: 1024px) 100vw, 1024px\" \/><\/figure>\n<\/div>\n<\/div>\n\n\n\n<hr class=\"wp-block-separator has-alpha-channel-opacity\"\/>\n\n\n\n<h2 class=\"wp-block-heading\">Tomaten<\/h2>\n\n\n\n<p>In unserem kleinen Folientunnel wachsen Tomaten in verschiedenen Farben und Formen. Wir bereiten den Boden mit hofeigenem D\u00fcnger vor und verzichten danach auf jegliche Art von Kunstd\u00fcnger. Tomaten brauchen viel Pflege und so verbringen wir in der Hauptsaison gut und gerne einige Stunden pro Woche beim Ausbrechen der Triebe, Aufbinden der Pflanzen, Giessen und gutem Zureden. <\/p>\n\n\n\n<p>Nach der Ernte ist vor dem Einkochen. Pizzasauce und Passata werden auf dem offenen Feuer langsam gek\u00f6ckelt und reduziert, bevor sie heiss in sterilisierte Gl\u00e4ser abgef\u00fcllt werden. Es macht uns Freude, den Sommer so einzufangen und das ganze Jahr eigene Tomatensauce zu geniessen.<\/p>\n\n\n\n<div class=\"wp-block-columns is-layout-flex wp-container-core-columns-is-layout-4 wp-block-columns-is-layout-flex\">\n<div class=\"wp-block-column is-layout-flow wp-block-column-is-layout-flow\">\n<figure class=\"wp-block-image size-full\"><img loading=\"lazy\" decoding=\"async\" width=\"864\" height=\"565\" src=\"https:\/\/auli-hof.ch\/wp-content\/uploads\/2024\/09\/Tomatenhaus-Ansaat-klein.jpg\" alt=\"\" class=\"wp-image-547\" srcset=\"https:\/\/auli-hof.ch\/wp-content\/uploads\/2024\/09\/Tomatenhaus-Ansaat-klein.jpg 864w, https:\/\/auli-hof.ch\/wp-content\/uploads\/2024\/09\/Tomatenhaus-Ansaat-klein-300x196.jpg 300w, https:\/\/auli-hof.ch\/wp-content\/uploads\/2024\/09\/Tomatenhaus-Ansaat-klein-768x502.jpg 768w\" sizes=\"auto, (max-width: 864px) 100vw, 864px\" \/><\/figure>\n<\/div>\n\n\n\n<div class=\"wp-block-column is-layout-flow wp-block-column-is-layout-flow\">\n<figure class=\"wp-block-image size-full\"><img loading=\"lazy\" decoding=\"async\" width=\"864\" height=\"565\" src=\"https:\/\/auli-hof.ch\/wp-content\/uploads\/2024\/09\/Tomaten-Ernte-klein.jpg\" alt=\"\" class=\"wp-image-548\" srcset=\"https:\/\/auli-hof.ch\/wp-content\/uploads\/2024\/09\/Tomaten-Ernte-klein.jpg 864w, https:\/\/auli-hof.ch\/wp-content\/uploads\/2024\/09\/Tomaten-Ernte-klein-300x196.jpg 300w, https:\/\/auli-hof.ch\/wp-content\/uploads\/2024\/09\/Tomaten-Ernte-klein-768x502.jpg 768w\" sizes=\"auto, (max-width: 864px) 100vw, 864px\" \/><\/figure>\n<\/div>\n\n\n\n<div class=\"wp-block-column is-layout-flow wp-block-column-is-layout-flow\">\n<figure class=\"wp-block-image size-large\"><img loading=\"lazy\" decoding=\"async\" width=\"1024\" height=\"670\" src=\"https:\/\/auli-hof.ch\/wp-content\/uploads\/2024\/09\/Tomaten-klein-1024x670.jpg\" alt=\"\" class=\"wp-image-531\" srcset=\"https:\/\/auli-hof.ch\/wp-content\/uploads\/2024\/09\/Tomaten-klein-1024x670.jpg 1024w, https:\/\/auli-hof.ch\/wp-content\/uploads\/2024\/09\/Tomaten-klein-300x196.jpg 300w, https:\/\/auli-hof.ch\/wp-content\/uploads\/2024\/09\/Tomaten-klein-768x502.jpg 768w, https:\/\/auli-hof.ch\/wp-content\/uploads\/2024\/09\/Tomaten-klein-1536x1004.jpg 1536w, https:\/\/auli-hof.ch\/wp-content\/uploads\/2024\/09\/Tomaten-klein.jpg 1728w\" sizes=\"auto, (max-width: 1024px) 100vw, 1024px\" \/><\/figure>\n<\/div>\n<\/div>\n","protected":false},"excerpt":{"rendered":"<p>Kartoffeln Seit vielen Jahren pflanzen wir unsere Kartoffeln f\u00fcr den Eigengebrauch im Garten an. Vor drei Jahren sind wir auf eine kleine Ackerfl\u00e4che umgestiegen, da unser famili\u00e4res Umfeld auch \u00abeigene\u00bb Kartoffeln wollte. Die Fl\u00e4che wird von Jahr zu Jahr gr\u00f6sser und wir freuen uns \u00fcber das Interesse auch ausserhalb der Familie. Bereits mein Grossvater hat&hellip;&nbsp;<a href=\"https:\/\/auli-hof.ch\/?page_id=542\" rel=\"bookmark\">Weiterlesen &raquo;<span class=\"screen-reader-text\">Kulturen<\/span><\/a><\/p>\n","protected":false},"author":1,"featured_media":0,"parent":0,"menu_order":0,"comment_status":"closed","ping_status":"closed","template":"","meta":{"neve_meta_sidebar":"","neve_meta_container":"","neve_meta_enable_content_width":"","neve_meta_content_width":0,"neve_meta_title_alignment":"","neve_meta_author_avatar":"","neve_post_elements_order":"","neve_meta_disable_header":"","neve_meta_disable_footer":"","neve_meta_disable_title":"","footnotes":""},"class_list":["post-542","page","type-page","status-publish","hentry"],"_links":{"self":[{"href":"https:\/\/auli-hof.ch\/index.php?rest_route=\/wp\/v2\/pages\/542","targetHints":{"allow":["GET"]}}],"collection":[{"href":"https:\/\/auli-hof.ch\/index.php?rest_route=\/wp\/v2\/pages"}],"about":[{"href":"https:\/\/auli-hof.ch\/index.php?rest_route=\/wp\/v2\/types\/page"}],"author":[{"embeddable":true,"href":"https:\/\/auli-hof.ch\/index.php?rest_route=\/wp\/v2\/users\/1"}],"replies":[{"embeddable":true,"href":"https:\/\/auli-hof.ch\/index.php?rest_route=%2Fwp%2Fv2%2Fcomments&post=542"}],"version-history":[{"count":12,"href":"https:\/\/auli-hof.ch\/index.php?rest_route=\/wp\/v2\/pages\/542\/revisions"}],"predecessor-version":[{"id":930,"href":"https:\/\/auli-hof.ch\/index.php?rest_route=\/wp\/v2\/pages\/542\/revisions\/930"}],"wp:attachment":[{"href":"https:\/\/auli-hof.ch\/index.php?rest_route=%2Fwp%2Fv2%2Fmedia&parent=542"}],"curies":[{"name":"wp","href":"https:\/\/api.w.org\/{rel}","templated":true}]}}